t are the prime factors of 2396470312?
2, 2017, 148517
List the prime factors of 4738729457.
7, 11, 47, 97, 13499
List the prime factors of 984667407.
3, 373, 879953
List the prime factors of 2240774131.
17, 37, 3562439
List the prime factors of 1220340776.
2, 152542597
List the prime factors of 109749618.
2, 3, 11, 67, 8273
What are the prime factors of 1254277265?
5, 250855453
List the prime factors of 245677272.
2, 3, 47, 433, 503
List the prime factors of 5045158344.
2, 3, 210214931
List the prime factors of 21964040.
2, 5, 7, 47, 1669
What are the prime factors of 766939984?
2, 47, 557, 1831
List the prime factors of 465444250.
2, 5, 263, 7079
What are the prime factors of 65274056?
2, 251, 32507
What are the prime factors of 3929435705?
5, 13, 37, 47, 34763
What are the prime factors of 205576973?
7, 83, 353833
What are the prime factors of 51352839?
3, 19, 100103
What are the prime factors of 93738164?
2, 13, 1802657
List the prime factors of 38605561.
38605561
What are the prime factors of 1075304522?
2, 151, 3560611
What are the prime factors of 48854354?
2, 131, 263, 709
List the prime factors of 74347626.
2, 3, 571, 21701
List the prime factors of 74292097.
11, 6753827
What are the prime factors of 222636189?
3, 677, 109619
What are the prime factors of 15944015?
5, 3188803
List the prime factors of 1745039838.
2, 3, 19, 15307367
What are the prime factors of 31878855?
3, 5, 191, 3709
List the prime factors of 2410064250.
2, 3, 5, 11, 61, 4789
What are the prime factors of 230424005?
5, 7, 23, 197, 1453
What are the prime factors of 655724973?
3, 71, 3078521
What are the prime factors of 11275633?
83, 135851
List the prime factors of 3675210062.
2, 71, 25881761
List the prime factors of 55144072.
2, 6893009
List the prime factors of 61862782.
2, 30931391
List the prime factors of 56741424.
2, 3, 37, 43, 743
List the prime factors of 76450978.
2, 41, 853, 1093
What are the prime factors of 54018217?
11, 59, 83233
List the prime factors of 200096665.
5, 23, 29, 59999
List the prime factors of 1833525766.
2, 916762883
What are the prime factors of 243391166?
2, 59, 2062637
List the prime factors of 4206745049.
13, 323595773
What are the prime factors of 1807178790?
2, 3, 5, 29, 31, 37, 1811
List the prime factors of 388040746.
2, 13241, 14653
List the prime factors of 118959861.
3, 71, 558497
What are the prime factors of 894293429?
23, 38882323
List the prime factors of 79488403.
2609, 30467
List the prime factors of 5576782.
2, 17, 164023
What are the prime factors of 205077026?
2, 7, 11, 151, 8819
What are the prime factors of 2120373994?
2, 17, 62363941
List the prime factors of 1506924037.
53, 28432529
What are the prime factors of 450627869?
47, 9587827
What are the prime factors of 41386172?
2, 2957, 3499
List the prime factors of 242366442.
2, 3, 40394407
List the prime factors of 324736161.
3, 37, 2925551
List the prime factors of 1397513865.
3, 5, 11, 37, 228913
What are the prime factors of 607084186?
2, 67, 433, 10463
List the prime factors of 87278104.
2, 10909763
What are the prime factors of 247879078?
2, 263, 471253
What are the prime factors of 623780413?
623780413
What are the prime factors of 12987558?
2, 3, 17, 42443
What are the prime factors of 122176872?
2, 3, 53, 101, 317
What are the prime factors of 187837298?
2, 11, 2917, 2927
List the prime factors of 24834837.
3, 8278279
What are the prime factors of 172723489?
491, 351779
What are the prime factors of 1498299099?
3, 11, 31, 857, 1709
List the prime factors of 146316697.
1637, 89381
What are the prime factors of 234017182?
2, 7, 29, 569, 1013
List the prime factors of 123027244.
2, 1601, 19211
List the prime factors of 945158689.
27749, 34061
What are the prime factors of 323530853?
223, 677, 2143
List the prime factors of 9025629247.
673, 13411039
List the prime factors of 50632417.
11, 41, 131, 857
What are the prime factors of 199267564?
2, 49816891
What are the prime factors of 2803449157?
2803449157
List the prime factors of 33369767.
1487, 22441
List the prime factors of 428628718.
2, 7, 17, 1800961
What are the prime factors of 5697204?
2, 3, 223, 2129
List the prime factors of 5632594.
2, 11, 503, 509
What are the prime factors of 381923905?
5, 11, 1231, 5641
What are the prime factors of 272861344?
2, 7, 1218131
What are the prime factors of 236905323?
3, 83, 951427
What are the prime factors of 27351590?
2, 5, 7, 390737
List the prime factors of 895178301.
3, 298392767
List the prime factors of 32256486.
2, 3, 1792027
List the prime factors of 118385682.
2, 3, 19730947
What are the prime factors of 99087779?
7, 113, 125269
List the prime factors of 519067491.
3, 29, 43, 89, 1559
List the prime factors of 3195475016.
2, 399434377
What are the prime factors of 2532435717?
3, 7, 47, 2565791
List the prime factors of 433220939.
23, 31, 89, 6827
What are the prime factors of 1104632399?
13, 47, 1807909
List the prime factors of 83592131.
7, 349, 34217
What are the prime factors of 567350462?
2, 7, 139, 291547
What are the prime factors of 114610812?
2, 3, 19, 151, 3329
List the prime factors of 89717280.
2, 3, 5, 311, 601
What are the prime factors of 26177489?
13, 2013653
What are the prime factors of 200246576?
2, 1777, 7043
What are the prime factors of 450289668?
2, 3, 71, 528509
What are the prime factors of 840016354?
2, 89, 127, 37159
What are the prime factors of 1347666778?
2, 61, 1597, 6917
What are the prime factors of 169051210?
2, 5, 73, 367, 631
List the prime factors of 140767705.
5, 13, 23, 7243
What are the prime factors of 78839031?
3, 3527, 7451
What are the prime factors of 880057928?
2, 139, 791419
List the prime factors of 24496910.
2, 5, 2449691
List the prime factors of 471307345.
5, 73, 379, 3407
List the prime factors of 59174965.
5, 11834993
What are the prime factors of 365965387?
15313, 23899
List the prime factors of 51759698.
2, 25879849
List the prime factors of 1181515265.
5, 7, 37, 912367
List the prime factors of 87432791.
2347, 37253
What are the prime factors of 42501572?
2, 10625393
List the prime factors of 843568691.
7, 911, 132283
What are the prime factors of 2838044905?
5, 89, 2437, 2617
What are the prime factors of 2526404475?
3, 5, 7, 687457
List the prime factors of 223301105.
5, 37, 1207033
List the prime factors of 1214205.
3, 5, 61, 1327
List the prime factors of 127941347.
103, 263, 4723
What are the prime factors of 44137051?
7, 1399, 4507
List the prime factors of 2948445633.
3, 7, 140402173
List the prime factors of 61838604.
2, 3, 1717739
What are the prime factors of 4443926?
2, 197, 11279
What are the prime factors of 416866885?
5, 41, 2033497
What are the prime factors of 1042245684?
2, 3, 19, 507917
What are the prime factors of 228564313?
101, 103, 127, 173
List the prime factors of 495805677.
3, 165268559
List the prime factors of 3533899487.
29, 43, 2833921
List the prime factors of 6053002706.
2, 3026501353
What are the prime factors of 813993711?
3, 17, 15960661
List the prime factors of 144819125.
5, 11, 105323
What are the prime factors of 5205063720?
2, 3, 5, 43375531
List the prime factors of 169285572.
2, 3, 449, 3491
What are the prime factors of 2563161631?
271, 373, 25357
List the prime factors of 611078970.
2, 3, 5, 2251, 9049
List the prime factors of 6675432737.
37, 180417101
List the prime factors of 28354375.
5, 7, 6481
What are the prime factors of 3905630955?
3, 5, 86791799
List the prime factors of 1187128377.
3, 17, 7759009
List the prime factors of 96519562.
2, 48259781
What are the prime factors of 495067265?
5, 7, 11, 29, 139
List the prime factors of 36150178.
2, 18075089
List the prime factors of 12312651.
3, 13, 59, 5351
What are the prime factors of 34966407?
3, 7, 1665067
List the prime factors of 87504725.
5, 7, 11, 131, 347
What are the prime factors of 73753258?
2, 36876629
List the prime factors of 1107436577.
13, 43, 1187, 1669
What are the prime factors of 159964094?
2, 311, 257177
What are the prime factors of 69221780?
2, 5, 3461089
List the prime factors of 695363283.
3, 223, 346469
What are the prime factors of 49614162?
2, 3, 13, 59, 10781
What are the prime factors of 1130026246?
2, 1889, 299107
List the prime factors of 101047391.
101047391
What a